 greatest common factor of 1007 and g?
53
Let x(j) = 0*j**2 + 17*j**2 + 3*j - 6*j**3 + 8*j**3 + 11*j + 6. Let t be x(-8). Let n = t - -43. What is the highest common factor of n and 7?
1
Suppose -397 = -4*t + 3*h, 5*h - 9*h = 5*t - 535. Let s = t + 2. What is the greatest common divisor of 140 and s?
35
Let d(r) = -28*r + 15. Let f = 8 - 13. Let v be d(f). Let u = -59 + v. What is the highest common divisor of 12 and u?
12
Suppose 0 = -4*m + 12, 9 = g + 4*m - 13. Suppose 3*b = -2*r + 19, 4*r = -g - 6. Let a be 506/b - 4/18. What is the highest common divisor of 8 and a?
8
Let q be 2/4*((2 - 2) + 4). Suppose q*g - 7 = -3. Let n be g/(-17) - (-1 - 2301/51). Calculate the highest common divisor of n and 322.
46
Let q(c) = 9*c**2 - c + 117. Let i be q(0). Calculate the greatest common factor of i and 549.
9
Let n(t) = 3*t + 7. Let v(h) = 4*h + 8. Let r(m) = 6*n(m) - 5*v(m). Let a = -31 - -30. Let c be r(a). What is the greatest common factor of 28 and c?
4
Let m(r) = -18*r + 1. Let a be m(-1). Suppose -912*l = -907*l - 15, 0 = 4*n - 5*l - 593. Calculate the highest common factor of a and n.
19
Suppose 11 = c - 19. Suppose -c*x - 155 = -31*x - 4*v, -x - v + 170 = 0. Suppose 3*f - 2*f - 25 = 0. Calculate the highest common divisor of f and x.
25
Suppose 13*l - 16*l + 93400 = 4*k, 6*k - 3*l - 140040 = 0. Calculate the highest common factor of 16 and k.
16
Suppose 513 = 16*q + 177. What is the greatest common factor of q and 427?
7
Let c(t) = 2*t**2 + 135*t + 28. Let l be c(-68). What is the greatest common divisor of l and 1056?
96
Suppose -16*b = -14*b - 28. Let r = b + -18. Let x be r/(-5) - (-1547)/85. What is the highest common divisor of x and 38?
19
Let c(g) = 4*g - 13 - 1 + 8 + 8. Let r be c(9). Suppose 0 = -9*s + 106 + r. What is the highest common factor of s and 96?
16
Suppose 6*y - 4*y - 26 = 0. Suppose y*h - 8*h - 5 = 0. Let o be 3 + h + (-1795)/(-5). Calculate the highest common divisor of 33 and o.
33
Let j(m) be the first derivative of -2 - 15/2*m**2 - 2/3*m**3 - 6*m. Let u be j(-6). What is the greatest common divisor of u and 30?
6
Suppose 23*p = 107 + 54. Suppose -431 = -p*s - 116. Calculate the highest common divisor of s and 375.
15
Let l(y) be the third derivative of y**5/20 - 3*y**4/4 + 3*y**3/2 + 175*y**2. Let g be l(-6). What is the greatest common factor of g and 60?
15
Suppose 8*i - 240 = 3*i. Let a = -47 + 49. Let k be (-15)/(-10) + -2 - (-65)/a. Calculate the highest common factor of k and i.
16
Let v = 1858 - 1831. Let w(c) = -2*c + 2. Let o be w(-3). Suppose 0*a + 4*a - o = 0, -546 = -4*m - 3*a. Calculate the highest common factor of m and v.
27
Let r = 983 - 1532. Let q = r - -617. Calculate the highest common factor of q and 221.
17
Suppose -1528319 + 770582 = -317*i + 1330025. What is the highest common factor of 74 and i?
74
Suppose 20*o = 14*o + 1764. Calculate the highest common factor of o and 3969.
147
Let n = 18 - 6. Let z = -64 + 62. Let i be (-11682)/(-108) + z + 33/18. Calculate the greatest common factor of i and n.
12
Let y(g) = -18*g + 18. Let x be y(-3). Let w(j) = j**3 - 116*j**2 + 227*j + 141. Let u be w(114). Calculate the greatest common divisor of x and u.
9
Let w be 293 + (0 - 6) + 17. Calculate the highest common factor of 3876 and w.
76
Suppose 0 = 530*u - 411*u - 5236. What is the highest common factor of u and 4708?
44
Suppose -72*w = -101 - 10699. What is the greatest common divisor of 4425 and w?
75
Let l(p) = -28*p - 122. Let a be l(-10). Let m = 208 - a. What is the highest common factor of m and 450?
50
Suppose 1634*r = 1639*r - 11850. What is the highest common factor of r and 30?
30
Suppose 10*a - 7*a = 5337. Let j = a - 1267. Calculate the highest common factor of j and 32.
32
Suppose x - 2*x = -4. Let u be (-3 - -14 - 4) + x. Let n(j) = 19*j**2 - j - 1. Let f be n(-2). What is the greatest common divisor of u and f?
11
Let m be 14*(5/(-10))/(2/14). Let i = 76 + m. Let f be ((-18)/(-8))/((-3)/(-12)). Calculate the greatest common divisor of i and f.
9
Suppose -3*o + 480 = 3*g, -4*o - 330 = -2*g - o. What is the greatest common factor of g and 1296?
162
Suppose 15*d - 4 = 14*d. Suppose 2*t = 5*u + 107 + 87, -d*t = -3*u - 402. Let k = 42 + -25. Calculate the highest common factor of k and t.
17
Let x(n) = 157*n**3 - 5*n**2 + 34*n - 322. Let z be x(6). What is the greatest common factor of 14 and z?
14
Let h = -512 + 787. What is the highest common factor of h and 220?
55
Let m be ((222*188/8)/(18/(-60)))/(-2). Calculate the greatest common factor of 47 and m.
47
Suppose 24*f - 7360 = 16*f. Suppose 4*q = 2*q + f. What is the greatest common factor of q and 40?
20
Let x(v) = 2*v**2 - 2*v - 1. Let s be x(5). Let c be 3/(((3 + 0)*1)/14). Suppose -50*i = -c*i - 5616. What is the greatest common divisor of i and s?
39
Let t(q) = 32*q + 13. Let c be t(-9). Let j = c + 321. Let a be 3/(-9) + 695/15. What is the greatest common divisor of a and j?
46
Let f be 486/27 - (2 + 0/1). Let m be -2 - -6*(-2)/(-4). Calculate the highest common divisor of f and m.
1
Suppose -4*d + 2*d = 3*k + 8, 4*d = k - 16. Suppose k = -7*g + 121 + 1496. Calculate the greatest common factor of 21 and g.
21
Let m = 9681 + -9652. Calculate the highest common divisor of 3335 and m.
29
Let v(a) = -398*a - 9. Let m be v(-1). Let w = m + -324. Calculate the greatest common factor of 52 and w.
13
Let c = -769 - -770. Let z be (-4 - -2)/(c*(-6)/48). Calculate the greatest common divisor of 720 and z.
16
Let f(l) = -l + 20. Let d be f(13). Let j(n) = -3*n + 108. Let m be j(15). Calculate the highest common divisor of m and d.
7
Suppose -192 = 241*b - 253*b. Suppose 1802 = 4*x + r, -2*x - 12*r + b*r + 910 = 0. Calculate the highest common factor of 11 and x.
11
Let i(q) = 7*q + 1284 - 1372 - 62*q. Let h be i(-7). What is the greatest common factor of h and 11?
11
Suppose 4*s - z = 211, z - 5 = -0. Suppose -10*l = -l - s. Suppose -5*r + 197 = -73. What is the greatest common divisor of l and r?
6
Suppose 13*w - 18 = 7*w. Suppose x = -h - 2*h + 428, -2*h + 276 = w*x. Calculate the highest common factor of h and 12.
12
Suppose -10*x + 9*x = 0. Suppose 6*s - s - 270 = x. Let h(u) = -2*u**3 + u**2 - u - 4. Let d be h(-2). Calculate the highest common factor of s and d.
18
Let u(j) = 69*j**2 + 27*j + 113. Let l be u(-5). Calculate the highest common divisor of l and 262.
131
Let c = 1633 - 949. What is the greatest common divisor of 486 and c?
18
Suppose -g - 6 = h - 2*h, -3*g = -4*h + 24. Let m be 38 - (4 - -6 - h). Calculate the highest common divisor of m and 238.
34
Let c be (-7 - -13)*(-1)/(-2). Suppose -18 = 2*j + 4*f, 4*f = -j - 3*j - 40. Let l = j + 17. Calculate the greatest common factor of c and l.
3
Let r = 11204 - 10988. What is the highest common divisor of 135 and r?
27
Let w be 198 + -9 + 4/(-8) - 4/8. Calculate the greatest common factor of 2538 and w.
94
Let j(n) = n**3 - n. Let c(m) = -3*m**3 - 5*m**2 + 6*m + 3. Let b(f) = c(f) + 2*j(f). Let g be b(-6). What is the highest common factor of g and 10?
5
Let y = 36 - 22. Suppose -y*n + 83 + 3193 = 0. Let g(j) = -j**3 - 5*j**2 + 11*j + 5. Let v be g(-7). Calculate the highest common factor of v and n.
26
Let c = -188 - -180. Let r be (c/10)/(((-132)/55)/6). What is the greatest common divisor of 3 and r?
1
Let p(m) = -m**3 + 15*m**2 + 8*m - 92. Let b be p(15). Calculate the highest common factor of b and 1582.
14
Let f(j) be the second derivative of j**5/20 + 11*j**4/12 + j**3/2 + 18*j**2 + 4*j + 3. Let n be f(-11). Calculate the highest common divisor of n and 27.
3
Suppose 6 = y, 20*y - 17*y - 1353 = -3*q. Calculate the highest common factor of q and 80.
5
Let v = 389 + -181. Suppose -5*x - 863*o = -867*o - 219, 18 = -3*o. What is the highest common divisor of v and x?
13
Suppose 6*l + 2*b + 4 = 9*l, 4*l + 5*b = -33. Let m(p) = 2*p**2 + p + 4. Let i be m(l). Calculate the greatest common divisor of i and 90.
10
Suppose 5*d + 85 = c, 0 = 5*c - c - d - 264. Let m = 395 + -374. Suppose y = -b + 6*b + 8, 2*y - 5*b - m = 0. Calculate the highest common factor of c and y.
13
Let m be -25*((-24)/20)/2. What is the greatest common factor of m and 1875?
15
Suppose -9*t - 818 = 235. Let q be (546/t)/(2/(-18)). Let j(u) = -u**3 + 5*u + 5. Let l be j(-5). Calculate the highest c